 = 4*m, -4*m = 3*b - 6 + 39. What is c(m)?
-8
Let k(g) = g**3 + g - 65. Let u be k(0). Let i = 13 + u. Let h = i + 58. Let w(n) = n**2 - 4*n - 6. Give w(h).
6
Let f(w) = 9*w**3 - 8*w**2 + 11*w - 8. Let r(i) = -25*i**3 + 23*i**2 - 30*i + 25. Let b(t) = -11*f(t) - 4*r(t). What is b(5)?
8
Let g(n) = -11*n**2 - 48*n + 7. Suppose 5*b - 6*s + 10*s + 65 = 0, -s = -5*b - 65. Let i(x) = -5*x**2 - 23*x + 3. Let t(v) = b*i(v) + 6*g(v). Calculate t(11).
3
Let y(j) = 4*j**2 + 2*j + 2. Let m(g) = 41*g + 1929. Let h be m(-47). What is y(h)?
22
Let a(d) = -31*d**2 + 4*d**3 + d + 19*d**2 + 8*d - 9 + 8*d - 2*d**3. Calculate a(6).
93
Let q be 47/((-423)/(-216)) + -18. Let p(z) = 14*z - 5. Calculate p(q).
79
Let x(y) be the first derivative of y**3/3 + 5*y**2/2 - 3*y - 5. Let b be x(-6). Suppose b*i = i - 12. Let o(m) = m**2 + 6*m + 3. Give o(i).
3
Let g(p) = -p**3 - 8*p**2 + 13*p + 11. Suppose -27*a = 162 + 81. Give g(a).
-25
Let b(u) = -u**2 + 4*u - 1. Let l(h) = h**3 + 15*h**2 - 7*h + 30. Let s be l(-15). Suppose -41*g + s = -38*g. Let q = -40 + g. Give b(q).
-6
Let q(v) be the first derivative of -v**7/840 + v**6/360 - v**5/120 + v**4/6 + 79*v**3/3 + 58. Let h(a) be the third derivative of q(a). Calculate h(0).
4
Let n(w) = 45*w - 18. Let a = 22731 + -22730. Determine n(a).
27
Let m(r) = r**2 - 7*r + 3. Let l = 911 - 903. Give m(l).
11
Let n(a) = -a**3 + 4*a**2 + 6*a - 4. Let r be n(5). Let s(j) = -3*j + 2 + 53*j**2 - 1 - 24*j**2 - 28*j**2 + j. Give s(r).
0
Let m = 3 - -1. Let n be (-3)/(-4) - -10*m/32. Let f(v) = 1 - 185*v**2 + 186*v**n + 6 - 7*v. Determine f(5).
-3
Let p(g) = 2 + 2*g**2 - 9*g - g**3 + 6*g + 8*g. Let d be ((-8)/(-24))/(2/18). Let l be d - 2 - (-4 - -1). Give p(l).
-10
Let j(c) = 22*c - 1. Suppose -13 = 4*b - 29. Suppose -199 = -b*t - 203. Calculate j(t).
-23
Let n(v) = 83*v + 14. Let u(b) = -75*b - 11. Let s(k) = -9*n(k) - 10*u(k). Calculate s(5).
-1
Let m(a) = 3*a - 9. Let p(v) = -31*v - 58. Let t(q) = -q**3 + 8*q**2 - 16*q + 3. Let f be t(5). Let k be p(f). Determine m(k).
3
Let c(a) = 3*a**2 - 1 + 33*a - 18*a - 13*a. Suppose -54*b = -69*b + 15. Give c(b).
4
Let o(q) be the third derivative of 2*q**4/3 - 3057*q**2. Calculate o(6).
96
Let g(j) = j**3 - 8*j**2 + 5*j - 9. Let f be 31/(-31) - ((-18)/4)/((-1)/(-2)). What is g(f)?
31
Suppose 5*y = -5*c + 26 + 24, y = 4*c - 40. Let d(x) = x**3 - 9*x**2 - 4*x - 54. What is d(c)?
6
Let j(w) = 2*w**2 - 5*w - 4. Let z(h) = -144*h + 574. Let f be z(4). Calculate j(f).
14
Let q(p) = 31*p - 27. Let c be q(1). Let f(v) = 2*v + c*v - v - 4*v - 2*v. Suppose -3*d + 4*u - 4 = -0, 0 = -5*d - u + 1. Give f(d).
0
Let g(q) be the third derivative of -q**4/12 + q**3 + q**2 + 2434. Let z = 0 + 6. Give g(z).
-6
Let n(f) be the first derivative of -73 + 3*f + f**3 - 1/2*f**2. Suppose 5*p - 26 + 11 = 0. Determine n(p).
27
Let w(r) be the first derivative of -33*r**2/2 - 237*r - 1498. Determine w(-7).
-6
Let l(v) = -2*v + 51. Let u(j) = -j - 49. Let n(o) = -5*l(o) - 6*u(o). Calculate n(-4).
-25
Let d(n) = 2*n**2 - 3. Let k be d(2). Let s(a) = 6*a. Let i(q) = -2*q**2 - 1. Let p(z) = i(z) + s(z). Give p(k).
-21
Let b(m) = 8*m - 16. Let g(x) = -10*x + 22. Let s(c) = 3*b(c) + 2*g(c). What is s(4)?
12
Let g = -169 + 196. Let q(i) = -9 + i - 14 + g. Calculate q(-7).
-3
Suppose g - 2 + 8 = 0. Let n(l) = -29*l**2 - 25*l + 17*l - 10 - 33*l**2 + 131*l**2 - 37*l**2 - 33*l**2. Give n(g).
2
Let x be -1*(120/10)/(-6). Suppose 4*q - 9*q = -20. Let k(o) = -4 - o + 0*o**2 + 3 + q*o**2 + o**2. What is k(x)?
17
Let z(p) be the first derivative of -p**4/12 - 2*p**3/3 + 5*p**2 + 84*p - 71. Let m(o) be the first derivative of z(o). Calculate m(-7).
-11
Let o(u) = 25*u - 12 - 111*u + 62*u + 28*u. What is o(4)?
4
Suppose -15*b = -16*b + 19. Let y(h) = 4*h**2 - b + 23 - 6*h**2. Determine y(2).
-4
Let k(d) = 16*d - 183. Let u(z) = z**3 + 126*z**2 + 119*z - 740. Let f be u(-125). Calculate k(f).
-23
Suppose 5*a - 79 = -4*d + 4*a, 3*d + 3*a = 48. Let v(y) be the third derivative of 0 + 0*y - d*y**2 + 1/24*y**4 + y**3. Determine v(-6).
0
Let u = 4916/5 + -117979/120. Let w(o) be the third derivative of 0*o + 0 + 8*o**2 - u*o**4 + 0*o**3. Give w(-2).
2
Suppose -1002 = -4*j + 278. Let g = 325 - j. Let d(o) = -o**3 + 6*o**2 - 6*o + 10. Give d(g).
5
Let y = 285 - 279. Suppose y = -6*s + 9*s. Let h(o) = 4*o + 3 - 7 + 0*o**2 - 6*o**2 + 2. What is h(s)?
-18
Let g(l) = l**2 + 112*l - 6. Let b be g(0). Let i(h) = 5*h**2 + 3 + h**3 - 3 - 5*h. Give i(b).
-6
Let j(r) be the first derivative of -2*r**2 - 6*r + 1. Let i(o) = 3*o + 5. Suppose 12*z = 131 - 155. Let u(p) = z*j(p) - 3*i(p). Give u(3).
-6
Let k(w) = 5*w**2 + 6*w + 23. Suppose 4*a = -5*n + 1, -29 = -6*a + 10*a - n. Let d(t) = 10*t**2 + 11*t + 42. Let f(o) = a*d(o) + 11*k(o). Determine f(-1).
-4
Suppose 17*v - 13*v = 2*k + 16, 5*k - v = 5. Let m(o) = -167*o**2 + 8*o + 5 + 325*o**2 - 157*o**k. Give m(-9).
14
Let f(k) = k**3 + 13*k**2 + 2*k + 15. Let q be f(-13). Let i be q + 8 + (-14)/(-2). Let y(s) = 2 - 5*s - 5*s**2 + s**2 + s**2 + s**3. Give y(i).
-2
Let v(t) = 8*t**3 - 60*t**3 + 31*t**3 + 4*t**2 + 9 + 34*t + 11*t**3 + 9*t**3. Give v(-4).
1
Let z(x) be the second derivative of 17/6*x**3 + 0*x**4 + 0 + 11*x - 2*x**2 - 1/60*x**5. Let i(c) be the first derivative of z(c). Give i(0).
17
Let l = 118556 + -118561. Let s(m) = 3*m - 2 - 5 + 0. Calculate s(l).
-22
Let t = 16 - 10. Let i(x) = 2*x + 5 + 6*x - t*x**2 + 5*x**2. Let u = 32424 + -32416. Calculate i(u).
5
Let f(y) = y**3 - 8*y**2 - y - 9. Suppose 23*h - 19*h - 272 = -3*j, 0 = -5*j + h + 415. Suppose -j = -3*v - 60. Calculate f(v).
-17
Let t = -178 - -178. Suppose -5*l + 0*v + 3*v - 63 = t, 0 = -l - v - 11. Let s(x) = -x**2 - 13*x - 11. Give s(l).
1
Let m(z) = -2*z**3 - 31*z**2 - 48*z + 15. Let b(f) = -8*f**3 - 126*f**2 - 189*f + 61. Let k(a) = 2*b(a) - 9*m(a). What is k(-11)?
-2
Let c(w) be the first derivative of w**5/20 - 5*w**4/24 + 7*w**3 - w**2 + 41. Let u(r) be the third derivative of c(r). Determine u(3).
13
Let j be (-130)/78*(4/40)/(-1). Let c(v) be the second derivative of 1/6*v**4 + 0 - 5*v + v**2 - j*v**3 - 1/20*v**5. Give c(2).
0
Let u be 4/2*((-81)/(-18) + -6). Let f(i) = 5*i + 3. Let h(o) = -8*o - 4. Let c(a) = u*h(a) - 4*f(a). What is c(-2)?
-8
Let m(j) = -2*j**2 + 14*j - 18. Let r be m(6). Let q(c) = 21*c + 126. Let a be q(r). Let n(w) = w**2 + w**3 - 3*w**3 + w**3 + 16 - w. What is n(a)?
16
Let l(j) be the third derivative of j**4/24 + j**3/6 - 5*j**2. Let m(r) = r - 2. Let b(u) = -2*l(u) - m(u). Suppose 0 = -9*x + 89 - 80. Give b(x).
-3
Suppose 4 = 2*h - 3*o, 5*h + 4*o + 1212 - 1176 = 0. Let y(s) = 3*s - 6. Give y(h).
-18
Let z(o) = -2*o**3 + 41*o**2 + 8*o + 282. Let t be z(21). Let c(d) = d - 13. Calculate c(t).
-4
Let i be (-10)/(-2)*(-55)/(-25). Let c(p) = 1 + i*p - 2*p**2 - 7*p - p. Let f = -8 + 11. Determine c(f).
-8
Let g(h) = h + 7. Suppose -3*o + 5*m - 165 = 0, o - m + 3*m + 55 = 0. Let n = o - -61. Let s be (14/n - 2)/((-5)/45). Give g(s).
4
Let v be (11 - 20)*(-1 + -72). Suppose 399 = 3*u + b, -3*u - v = -8*u + b. Let z(w) = -u*w - 13 - 134*w + 267*w. Determine z(9).
-4
Suppose 0 = 134*p - 132*p + 34. Let n(v) = -10*v**2 + 2*v - 6. Let a(z) = 28*z**2 - 6*z + 17. Let d(w) = p*n(w) - 6*a(w). Determine d(-2).
4
Let b(x) = -3*x + x**2 - 3 + 5*x + 5. Let m(f) = -f**3 + 173*f**2 + 190*f - 2788. Let q be m(174). Give b(q).
10
Let u(l) = -l - 14. Let s be (54 + -54)/(1 - 0). Suppose -9*f + 3*f - 42 = s. Calculate u(f).
-7
Suppose 1 = 4*y - 11. Let w(q) = 294*q**3 + 3*q - 7*q + 2*q**2 + 280*q**3 + 293*q**3 - 866*q**3. Determine w(y).
33
Let h(g) = 67*g - 11877 + 5838 + 5171. Calculate h(13).
3
Let x(r) = -3*r**3 + 6*r**2 - 6. Let h be x(2). Let q be ((-4)/h)/(0 + (-14)/21). Let d(k) = -11*k. Calculate d(q).
11
Let y(g) = -4100 + 5*g - 4104 + 3*g + 12354 - 4112. What is y(-4)?
6
Suppose 2*v - 13 = -g, -2*g = -5*v + 7*v - 16. Suppose a = -n + g, 5*a - 3*n = 6*a - 7. Let u(q) = -7*q - 1. Give u(a).
-8
Suppose -6*y = -4*y - 12. Suppose 0*h - h = y. Let v(z) be the third derivative of -z**6/120 - z**5/12 + z**4/4 + z**3/6 + 4*z**2 + 16. Calculate v(h).
1
Let w(l) = -7*l + 57 + 14*l + 20*l + 89 + l**2. Give w(-7).
6
Let b(x) = 5*x + 2. Let a(l) = -6*l - 2. Let m(z) = -4*a(z) - 5*b(z). Suppose -5*r + 3*n = -8 + 33, 4*r = -2*n - 4